e prime factors of g(v)?
2, 29
Let i(f) = 82*f**2 - 127*f - 197. List the prime factors of i(-16).
3, 7, 1087
Let y = 114 - 494. Let g be (y/(-6))/((-10)/(-15)). Suppose 887 = 9*k + g. What are the prime factors of k?
2, 11
Let n(h) = 17*h - 142. Let b be (5 - (-496)/(-24))*-3. What are the prime factors of n(b)?
3, 73
Suppose -5*y = 4*w - 12940 - 13684, 5*w = -3*y + 15964. Suppose -2972 = -2*d - o - 304, -2*o - y = -4*d. What are the prime factors of d?
31, 43
Let p be (9/6)/((-9)/(-9780)). Let h = p + -820. What are the prime factors of h?
2, 3, 5
Suppose -98*u + 372831 = -2373325. What are the prime factors of u?
2, 14011
Let t = 43 - 47. Let b be 2/4 - (-3 - 2/t). Suppose 3*q = 2*z - 74, -7*q = -5*z - b*q + 192. What are the prime factors of z?
2, 5
Let d = 14215 + 5623. List the prime factors of d.
2, 7, 13, 109
Let d(u) = -u + 4. Let o be d(-5). Let x(r) be the second derivative of -r**4/12 + 5*r**3/2 - 13*r**2/2 - r + 76. What are the prime factors of x(o)?
41
Suppose 8*j - 2636 = 1828. Suppose -p + 5*p = 32. Suppose a = 5*l - j, -p = -3*a - a. What are the prime factors of l?
2, 7
Suppose -17*i + 3308 = -1448 + 1101. What are the prime factors of i?
5, 43
Let z(l) be the second derivative of 11*l**3 - 2*l**2 - 60*l. List the prime factors of z(4).
2, 5, 13
Let v be ((-1)/3 - 9/(-27))*-1. Suppose v = k, 3*o = k + 2*k + 951. What are the prime factors of o?
317
Let l(h) = -h + 28. Let f be l(16). Let b be f*(3 - 5) - -3. What are the prime factors of 6/b - 44/(-7)?
2, 3
Let c(g) = 0*g - 4*g + 7 - 3*g + 3*g. Let p be c(6). List the prime factors of (35/5)/(1 - (-16)/p).
7, 17
Let r = -457 - -3087. List the prime factors of r.
2, 5, 263
Let z(f) = 148*f**2 + 2*f + 2. Let m(x) = x**2 - 9*x - 12. Let u be m(10). Let r be z(u). Suppose -r = 10*a - 15*a. List the prime factors of a.
2, 59
Suppose 60*u - 108*u + 683712 = 0. List the prime factors of u.
2, 3, 1187
Suppose 8*l + 5 + 3 = 0. Let g be (-6)/27 + ((-158)/18 - l). What are the prime factors of 12/g*768/(-9)?
2
Let t(m) = 1734*m - 2431. What are the prime factors of t(7)?
17, 571
Let b(c) = 2*c**3 - 35*c**2 + 46*c - 2265. What are the prime factors of b(37)?
2, 47, 281
What are the prime factors of (87896/(-28))/(30/(-105))?
10987
Suppose 12*o + 17*o - 87 = 0. Suppose 5*h = -5, 0 = -v + o*h - 2*h + 973. List the prime factors of v.
2, 3
Let c(r) = 6*r**3 - 5*r**2 - r. Let k be c(2). Let o(m) = -m**2 + 30*m + 104. What are the prime factors of o(k)?
2, 13
Suppose -3*c = -8*c - 20, -5*p - 5*c = -4720. Let y = -293 + p. List the prime factors of y.
5, 131
Suppose -3*j + 6 = 0, 11*a - 5*j = 10*a + 4080. Suppose -t - 4*t + 4090 = -3*v, -3*v + a = 5*t. What are the prime factors of t?
2, 409
Let m(j) = j**3 - 47*j**2 + 466*j - 65. List the prime factors of m(40).
5, 59
Let t(z) = 2*z**2 + 4*z + 46. Let j(n) = 2*n**3 - 13*n**2 + 5*n - 14. Let u be j(6). What are the prime factors of t(u)?
2, 383
Let t(h) = -126*h - 72. Let k be t(-9). List the prime factors of (-11 + 4 - -10) + k.
3, 5, 71
Let o be (-12)/(-2)*3/2. List the prime factors of o + (-4 - 1) + 391.
5, 79
Let p(h) = -4*h**3 - 3*h**2 - 6*h - 2. Let s be p(-1). Suppose -6*b - 2*d = -4*b - 608, -10 = s*d. What are the prime factors of b?
2, 3, 17
Suppose -4*w - 5735 = -9*w. Let p = w - 761. What are the prime factors of p?
2, 193
Let w = -1783 + 2578. What are the prime factors of w?
3, 5, 53
Suppose 0 = 5*c + 5*r - 190, 136 = 2*c + 2*c - 4*r. Suppose c = p - 4*p + g, 3*g - 12 = p. What are the prime factors of 2 + p/7 - 6375/(-105)?
61
Let k(a) = -4*a + 4 + a**2 + 2 - 3*a + 1. Let b be k(-7). Let d = b - 17. What are the prime factors of d?
2, 11
Let i(p) = -31*p - 63. Let n be i(-14). Suppose 0 = v + 3, 2*h + 3*h + 3*v - n = 0. What are the prime factors of h?
2, 19
Let l = -32 - -37. Suppose -l*j = 4*j - 3771. Suppose 11 = -6*o + j. What are the prime factors of o?
2, 17
Let z be (175/10)/(10/8). Suppose 10*n - z*n + 5*d = -998, 8 = 4*d. What are the prime factors of n?
2, 3, 7
Let o = 78448 - 38354. List the prime factors of o.
2, 20047
Suppose -5*d + 10*d = 3595. Let u = 1235 - d. Suppose -u = -6*k - 54. What are the prime factors of k?
7, 11
List the prime factors of 1777 + (6/15)/(44/(-385))*2.
2, 3, 5, 59
Let o(f) = -2*f**3 + 3*f**2 + 75*f + 70. List the prime factors of o(-25).
2, 3, 5, 29
Suppose z + 3677 = -4*c + 115436, -4*c + 111744 = -4*z. List the prime factors of c.
3, 67, 139
Let r(i) = 136*i**2 + 242*i + 1757. What are the prime factors of r(-7)?
7, 31
Suppose -693*r - 4*b - 4106 = -695*r, 4*b = -3*r + 6109. List the prime factors of r.
3, 227
Let c be 6/(-10) - 2/5. Let p(b) = -6*b**3 + 2*b + 1. Let f be p(c). Suppose -z + 3*h = 5*h - 123, -f*z + 615 = 4*h. What are the prime factors of z?
3, 41
Let v(c) = 820*c + 35. Let q be v(1). What are the prime factors of (-7)/((-56)/(-16)) + 0 + q?
853
Let w(z) = -16*z - 16. Suppose -5*j + 22 = 2*s, -3*s - s - 2*j + 28 = 0. Suppose -2*q + s*q = -60. List the prime factors of w(q).
2, 7
Let h(o) = -38*o + 1377. What are the prime factors of h(-48)?
3, 11, 97
Suppose 120*m = 183*m + 181*m - 3682936. List the prime factors of m.
2, 7547
Let u(j) = -2*j**3 - 7*j**2 - 15*j - 67. Let x be 1/4 - 1452/176. List the prime factors of u(x).
17, 37
Suppose -2*z - 3*d = -6265, -5*z - 5*d + 7281 = -8374. What are the prime factors of z?
2, 17, 23
Let d = 1149 + -605. Let m = d + -307. List the prime factors of m.
3, 79
Let j = 30 + -13. Let o(a) = -3*a**3 - 50*a**2 + 19*a + 10. Let g(s) = s**3 + 17*s**2 - 6*s - 3. Let l(y) = j*g(y) + 6*o(y). List the prime factors of l(-12).
3
Suppose -28*k + 59 = 3. Suppose 4*t - 1932 = -k*t. What are the prime factors of t?
2, 7, 23
Let n(x) = x**3 + 10*x**2. Let b be n(-10). List the prime factors of (172/(-8) - b)*-2.
43
Suppose -144*x + 132*x = -11918 - 43150. What are the prime factors of x?
13, 353
List the prime factors of (53326/(-18))/(-1) + 56/126.
2963
Suppose 3*x + 4*o - 1711 = -0*x, -5*x + 2890 = -o. Let f = x - 193. What are the prime factors of f?
2, 3
Let t = -86 + 86. Suppose j + 8*j - 4383 = t. What are the prime factors of j?
487
Let d = -699 - -6695. What are the prime factors of d?
2, 1499
Let w be -7 + 9 - 3*-1. Suppose -w*c + 2*c + 3 = 0. List the prime factors of -2 - (c - 29)/4.
5
What are the prime factors of (1 + 5/(-2))/(48/(-2301920)*5)?
14387
Suppose -2*r + 1112 = -1178. Suppose -6*f + r = -3223. List the prime factors of f.
2, 7, 13
What are the prime factors of 8/(-44) + 8263903/781?
3, 3527
Let b(a) be the third derivative of 67*a**5/20 + a**4/24 - a**3/3 - 223*a**2. List the prime factors of b(3).
2, 5, 181
List the prime factors of (-4594)/(345/(-161) - -2).
2, 7, 2297
Suppose 4*j + 0*j + j - 82435 = 0. List the prime factors of j.
16487
Suppose 33 = 4*n + 21. Let r = -386 + 191. List the prime factors of r/(-9) + (-2)/n.
3, 7
List the prime factors of (8/28)/(((-3)/(-205083))/(21/9)).
2, 22787
Let s(b) = b + 13. Let k be s(-10). Suppose i = -5*m + 3*i - 12, 0 = -2*m + i - 4. What are the prime factors of ((-3)/k)/((m - -3)/17)?
17
Suppose 27*c + 44*c - 87*c + 294672 = 0. What are the prime factors of c?
3, 7, 877
Suppose 5*l = -5*t + 21135, -2*t + 32*l + 8460 = 28*l. What are the prime factors of t?
2, 7, 151
Let p = -46 - -50. Suppose 9*l = p - 4. Suppose 2*r - w - 4*w = 302, l = 3*r + 2*w - 415. List the prime factors of r.
3, 47
Let r = 28 - -10. Suppose y = -2*k + 73, 3*k + r = 4*k + y. What are the prime factors of k?
5, 7
Let m(q) = 2*q**3 - 8*q**2 + 2*q + 22. Let p(f) = f**3 + 3*f**2 - 6*f. Let z be p(-4). List the prime factors of m(z).
2, 5, 11
Suppose -45 = -65*d + 60*d. Suppose o + 160 = -d*o. Let h = 2 - o. List the prime factors of h.
2, 3
Let n = 246 - -20. Suppose -n - 162 = -a. List the prime factors of a.
2, 107
Let b = -7290 - -12836. List the prime factors of b.
2, 47, 59
What are the prime factors of (140/50)/((-10)/(-19225))?
7, 769
Let u = 33 + -29. Suppose 424 + 301 = 2*o + 3*x, u*x - 1802 = -5*o. List the prime factors of o.
2, 179
Let b(j) = -j**2 - 19*j + 56. Let f be b(-21). List the prime factors of (-7 - -3 - -28)*(f - 1).
2, 3, 13
Let y(f) = 115*f**3 - f**2 + 2. Let m be y(-1). Let h = m + 33. Let z = h - -118. List the prime factors of z.
37
Let u = 17296 - 12068. What are the prime fa